 q(r) = 8*r. Let x(h) = h + 1. Let c(o) = q(o) - 10*x(o). Let l be c(-8). Calculate the highest common factor of 54 and l.
6
Suppose 4*t - 15 = t. Suppose 12 = n - 2*k, -47 = -5*n + t*k + 28. What is the highest common divisor of n and 27?
9
Let k = 339 + -222. Suppose 2*a + 71 = -r, r - k = 4*a - 2*r. Let p be (-126)/a - 4/(-22). What is the greatest common factor of 4 and p?
4
Let w = 258 + -74. What is the highest common divisor of w and 23?
23
Suppose -3*z - 2*z = -30. Let k be ((-16)/56)/((-1)/7). Calculate the greatest common factor of k and z.
2
Let n = 272 + -71. Let w be 6/(-39) - n/(-39). Suppose -67 = -w*h + 43. Calculate the highest common divisor of h and 176.
22
Suppose u = 3*u - 5*a - 60, 2*u - 3*a - 52 = 0. Suppose 0 = l + 5*r - 5, -5*l + 5*r = 2*r - 109. What is the highest common divisor of u and l?
20
Suppose -4*w + 204 = 60. Suppose -4 = -2*o + w. Calculate the highest common divisor of 10 and o.
10
Let m(a) = -a - 2. Let s be m(-9). Let n(h) = 2*h - 10. Let y be n(s). Let z be ((-27)/y)/((-6)/80). Calculate the greatest common factor of z and 10.
10
Let c(j) = j**2 + 2*j**2 + 6*j**2 - 2*j**2 - 3*j - 4. Let o be c(4). Calculate the highest common factor of o and 12.
12
Let k(d) = 19 + 4*d**2 + 0*d**2 + 5*d - 24 + 2*d**2 - d**3. Let g be k(5). What is the greatest common divisor of 18 and g?
9
Let x(r) = -r**2 + 22*r - 17. Let q be x(19). Let s = -9 - -14. What is the highest common factor of q and s?
5
Suppose -4*t + 0 = -4. Suppose -t = 3*f + 2, 325 = 4*m - f. What is the greatest common divisor of m and 9?
9
Suppose 0 - 4 = -2*f. Suppose f*n - 49 = 195. Let c be n/4 + 1/(-2). What is the greatest common divisor of 12 and c?
6
Suppose 250 = 3*t + 2*t. Suppose 9*h = 4*h + t. Suppose -5*j = -10*j + h. Calculate the greatest common divisor of 5 and j.
1
Suppose 7*k - 72 = 4*k. Calculate the highest common factor of k and 192.
24
Suppose -2 = -5*n - 17. Let k = n + 11. Let i(z) = z**3 + 7*z**2 - 10*z + 8. Let y be i(-8). What is the highest common divisor of k and y?
8
Let l(o) = -1 + 0*o - 6*o + 2*o. Let t be l(-1). What is the highest common factor of t and 1?
1
Let w(j) = 3*j**2 - 6*j + 8. Let f be w(-6). Suppose f = o + 20. Calculate the greatest common divisor of o and 12.
12
Let r(v) = 7*v**2 - 3*v. Let x(q) = -q**2 - 2*q + 2. Let n be x(-2). Let l be r(n). What is the greatest common factor of 33 and l?
11
Let q = 220 - 195. Calculate the highest common divisor of q and 25.
25
Suppose -3*t - 102 = -4*a + 4, -4*a + 4*t = -104. Calculate the greatest common factor of a and 28.
28
Let j = -6 - -12. Suppose -3*a = -2*d + j, 8*a + 15 = 5*d + 4*a. Let z = 22 + d. Calculate the highest common divisor of 10 and z.
5
Let t(h) = -6*h. Let v be t(1). Let o be 1/2*(0 - v). Suppose -a - 4*n = -2*a + 8, 0 = -4*a - o*n + 32. Calculate the greatest common divisor of a and 64.
8
Let t be (96/(-15))/(3 - 32/10). What is the greatest common factor of t and 8?
8
Suppose -o - 20 = -2*o. Suppose o = 5*s - s. Suppose 81 = 2*g - v - 24, 285 = 5*g + 2*v. Calculate the highest common divisor of s and g.
5
Suppose 0 = -31*n + 32*n - 4. Let m(z) = -z**2 + 4*z + 3. Let u be m(n). What is the highest common factor of 24 and u?
3
Let r = 20 - 10. Let n(m) = m**3 - 3*m**2 + m + 1. Let l be n(2). Let g(z) = 16*z**2 + z. Let u be g(l). What is the greatest common factor of u and r?
5
Suppose -21 - 12 = -x. Calculate the highest common factor of 22 and x.
11
Suppose 14 = -19*w + 21*w. Calculate the highest common factor of 7 and w.
7
Let c(r) = -3*r**3 + 2*r - 1. Let s be c(1). Let y = s - -5. Suppose 10 = -m + g + y*g, -2*g + 2 = -2*m. What is the highest common factor of 3 and m?
1
Let d be ((-20)/(-30))/((-1)/(-36)). What is the greatest common divisor of d and 168?
24
Let s = -3 + 11. Let h(k) = 21*k + 8. Let v be h(s). Calculate the highest common factor of v and 22.
22
Suppose 47*t + 2 = 49*t. What is the greatest common factor of t and 4?
1
Let f = 16 - 7. Calculate the greatest common divisor of f and 1.
1
Let y(c) = -c + 8. Let t be y(-7). Let f = -6 + 6. Suppose 0*m - 3*m - 3*r + 21 = 0, f = -4*r - 12. What is the highest common factor of m and t?
5
Let w be 259/(-91) + 2/(-13). Let p be (-70)/(1/6*w). What is the greatest common divisor of 20 and p?
20
Let y = 74 + -42. Let h = y + 4. Calculate the greatest common divisor of 9 and h.
9
Let v be (0 - (2 + -6)) + 10. Let j = 212 - 114. Calculate the highest common divisor of v and j.
14
Suppose 3*m - 4*m = 0. Let p be (m - -6) + -4 + 5. Calculate the highest common factor of 35 and p.
7
Let l = -107 + 193. What is the greatest common factor of l and 43?
43
Let o be 1*((3 - 1) + -1). Suppose -o = -v + 11. Calculate the greatest common divisor of 3 and v.
3
Let q(t) = t**3 + 23*t**2 + 20*t - 17. Let o be q(-22). What is the greatest common divisor of o and 216?
27
Let d = -5 - -8. Let l = d + 9. What is the highest common divisor of 6 and l?
6
Let x = -2 + 42. Calculate the greatest common divisor of x and 10.
10
Let n(v) = -v**2 + 8*v - 3. Let z be n(5). Suppose -z = -i - 2*i. Calculate the highest common factor of i and 8.
4
Let f(b) = b + 4. Let x be f(-5). Let z = x - -19. Let i(w) = w**2 + 8*w + 9. Let r be i(-7). Calculate the highest common divisor of r and z.
2
Suppose -9*r = -0*r - 945. What is the greatest common factor of r and 15?
15
Suppose -5*n + 5*l = 15, 3*l + 0 - 15 = 0. Suppose -15 = -n*k - 5. Calculate the highest common factor of 40 and k.
5
Let u = 146 - 121. What is the greatest common divisor of 225 and u?
25
Let d = 9 - 7. Let a be (d - 0)/((-2)/(-8)). What is the greatest common divisor of 64 and a?
8
Suppose 4*o = 5*p - 36, -p - 2*o = 3*p - 8. Let a(d) = -d**3 + 9*d**2 + 7*d + 7. Let q be a(10). Let c = -3 - q. Calculate the highest common factor of c and p.
4
Let m(a) = a**3 - 5*a**2 + a + 5. Let q be m(5). Suppose 3*y = -2*c + 10, 4*y + 3 = 4*c - 17. What is the greatest common divisor of q and c?
5
Let w(l) = l**3 + 5*l**2 - 9*l - 10. Let h be w(-6). Calculate the highest common divisor of h and 64.
8
Let i be 2/(-5) - (-4 - 3735/25). Calculate the greatest common divisor of 17 and i.
17
Suppose 0 = -4*d + 52 + 60. Let l = d - 12. What is the greatest common factor of 2 and l?
2
Let w(t) = 4 - 4*t + 4*t + 8*t - t**2. Let f be w(8). Suppose -3*r + 28 = f*a, -4*a + 36 = 4*r - 0*a. What is the highest common factor of r and 64?
8
Suppose 5*c - 28 = -h - 5, -4*h - 4*c = -28. Let m be 60/35 + (-4)/(-14). Suppose 4*j - m*j - 24 = 0. Calculate the highest common factor of h and j.
3
Let j(a) = a**3 - 2*a + 2. Let o be j(0). Calculate the highest common factor of o and 6.
2
Let w be (-6)/(-5)*(-180)/(-54). What is the greatest common factor of 10 and w?
2
Let c be (-1)/((-16)/(-80) - 6/5). Suppose -4*v - 4 = -16. Suppose -2*d - 2*d - 2*w + 32 = 0, -4*d + 52 = -v*w. What is the greatest common factor of d and c?
1
Suppose -m + 3*v - 10 = -1, 0 = 3*m + 4*v - 38. Suppose -4*c + 264 = -0*b + b, 3*c - 198 = 2*b. What is the highest common divisor of m and c?
6
Let d(c) be the second derivative of 3*c**3/2 - 11*c**2/2 + 2*c. Let v be d(9). Calculate the highest common factor of v and 28.
14
Let z be ((-54)/5)/(6/(-45)). What is the greatest common divisor of 9 and z?
9
Let z(y) = y**3 - 5*y**2 - 5*y + 15. Let j be z(7). Calculate the greatest common factor of j and 195.
39
Let t = -1 - -14. Suppose 4*q = -q - 25. Let j be (23 - q) + (-2)/1. Calculate the highest common divisor of j and t.
13
Suppose -315 = -3*z - 0*z. What is the greatest common divisor of z and 15?
15
Suppose -23 = -2*w - 5*d, d - 3 = -0*d. Suppose w*y - y = 27. What is the greatest common divisor of 27 and y?
9
Let m be (-2)/3 + 96/9. Suppose m - 2 = 4*c. Suppose -2*o - 2 = -4*i, 0 = -2*i + c*o - 2. What is the highest common factor of i and 5?
1
Suppose 13 - 3 = 5*l - 5*h, 0 = l + 4*h + 13. Let s be (4/12)/(l/(-39)). Calculate the highest common factor of s and 104.
13
Suppose -2*z - 5 - 33 = -5*k, -2*k - z + 17 = 0. Let r = 13 + -5. Calculate the highest common factor of k and r.
8
Let l(p) = 6*p - 11. Let o(b) = -5*b + 11. Let c(s) = -6*l(s) - 7*o(s). Let z be c(-13). What is the greatest common factor of z and 2?
2
Let v = -5 + 10. Suppose v*c - 7*c + 60 = 0. Calculate the greatest common divisor of 20 an